der when 23 is divided by r(-3).
5
Let r = 12 + -7. Let y = r - -25. Calculate the remainder when y is divided by 16.
14
Suppose 5*j = 10, 2*j - 7 = 4*r - 51. What is the remainder when r is divided by 3?
0
Suppose -3*h - p + 59 = 0, h + 67 = 5*h - p. What is the remainder when 69 is divided by h?
15
Let d = -18 + 34. What is the remainder when d is divided by 9?
7
Let l(j) = 2*j - 1. Let a be l(1). What is the remainder when -6 + 8 + 57/a is divided by 20?
19
Suppose -4*i + 262 = 138. Calculate the remainder when (-121)/(-3)*(3 + 0) is divided by i.
28
Calculate the remainder when (3 - 4)/((-3)/108) is divided by 19.
17
Suppose -5*y + 71 = -29. Suppose -y = -4*m + 140. Suppose 3*i = -d + 36, -2*i = d - 3*i - 16. What is the remainder when m is divided by d?
19
Suppose 0 = -5*b + 3*r - 425, 0 = 3*r + 2*r. Let s be (b/(-2))/5*4. Suppose 0 = 2*c - 4*c + s. Calculate the remainder when 50 is divided by c.
16
Suppose 2*m = -z + 6, 2*z - 5*m = -3 - 3. Let b = 8 + -6. What is the remainder when z is divided by b?
0
Suppose 8 = -c + 4*g - 0, 40 = 5*c - 4*g. Calculate the remainder when 29 is divided by 3/c - (-126)/8.
13
Let h = -29 - -61. Let g = 5 - -6. Calculate the remainder when h is divided by g.
10
Suppose -3*q + b + 225 = -0*q, -4*q + 300 = -b. Suppose 2*s - 98 = -4*o, -3*o - 3*s + q + 0 = 0. What is the remainder when o is divided by 9?
6
Calculate the remainder when 5*(4 - (-9)/3) is divided by 12.
11
Let g = 0 - -4. Suppose 2*j + j = -g*u + 78, -2*u = j - 28. Calculate the remainder when j is divided by 12.
10
Suppose 0 = 7*y - 158 - 122. Calculate the remainder when y is divided by 11.
7
Suppose 2*k = -2*w + 5*k + 16, 2*w - 12 = 2*k. Let m(b) be the first derivative of -b**2 - b + 8. What is the remainder when w is divided by m(-1)?
0
Let n(d) = 3*d - 6. Let l be n(4). Let m(v) = -v**3 + 5*v**2 + 8*v + 2. Suppose -46 - 34 = -2*p. Calculate the remainder when p is divided by m(l).
12
Let q(u) be the second derivative of -u**5/20 + 5*u**4/6 - 7*u**3/6 - 4*u**2 + u. What is the remainder when 27 is divided by q(9)?
7
Let x(l) = -5*l - 2. Let c be x(-6). Suppose -2*q + 3*q = 3*r, -c = -3*q + 2*r. Calculate the remainder when 44 + 0 - (6 + -9) is divided by q.
11
Suppose -31 = -5*m + 34. Let t = -10 - -60. What is the remainder when t is divided by m?
11
Let m = -26 - -36. Suppose 5*h + 2*i - 20 = 0, 1 - 9 = -2*h + 3*i. What is the remainder when m is divided by h?
2
Let y(z) = 7*z + 24. What is the remainder when y(10) is divided by 19?
18
Let y be -3*(0 - (-10)/(-6)). Suppose y*k - 28 - 32 = 0. What is the remainder when k is divided by 7?
5
Suppose 0 = -2*y - 4*s + 26 + 2, 2*s + 16 = 4*y. Let z = 89 + -68. What is the remainder when z is divided by y?
3
Let z be -8 - (-3 + -3 + 4). Calculate the remainder when (-7 - 2)*20/z is divided by 16.
14
Let f = 4 - -6. Let d = 32 + -14. What is the remainder when d is divided by f?
8
Suppose -3*r + 179 = -4*n, -5 = -n - 10. What is the remainder when r is divided by 27?
26
Let g = 20 - 18. Calculate the remainder when 5 is divided by g.
1
Let n = -10 + 6. Let s = n - -2. What is the remainder when 5 is divided by 3*((-8)/6)/s?
1
Let q(f) = -f**2 - 9*f + 30. What is the remainder when 14 is divided by q(-11)?
6
Let v(z) = z**2 + 2*z - 2. What is the remainder when 34 is divided by v(3)?
8
Let i(t) = 2*t + 9. Calculate the remainder when 33 is divided by i(-1).
5
Suppose 31 = 2*k - 11. What is the remainder when 41 is divided by k?
20
Let h(m) = 4*m. Calculate the remainder when -7 + 7 + 11*2 is divided by h(2).
6
Let g = 0 - -17. Let u(k) = -k**3 - k**2 - k + 9. What is the remainder when g is divided by u(0)?
8
Suppose x = 3*i + 49, 2*i - 49 = -x - 0*i. What is the remainder when x is divided by 25?
24
Let b(i) = 8*i - 2. Let k be b(1). Let w = 28 - k. Calculate the remainder when 85 is divided by w.
19
What is the remainder when 51 is divided by (-15)/5*(1 - 7)?
15
Let r(y) = y**3 + y**2 + 4. Let f be r(0). Let p(j) = -15*j**2 - 4*j. Let v be p(f). Calculate the remainder when 61 is divided by (-1)/3 - v/12.
19
Let k be 66/(-24) - (-2)/(-8). Let a = 4 + k. What is the remainder when a + 120/(4 - 1) is divided by 14?
13
Let t = 6 + -3. Let v = 129 + -44. Suppose -11 = -t*c + v. What is the remainder when c is divided by 11?
10
Suppose 19 = 2*i + 3*b, -23 = -4*i - b - 0*b. Suppose 24 = i*k - 46. Calculate the remainder when k is divided by 5.
4
Let f = -22 + -3. Let m(j) = -10*j - 2. Let p be m(-5). Let g = f + p. Calculate the remainder when g is divided by 8.
7
Let f = -75 - -105. What is the remainder when f is divided by 3?
0
Let f(m) = m**2 + m - 4. Let r(l) = l**2 + 6*l + 4. Let z be r(-4). Let o = z + 8. Calculate the remainder when o is divided by f(-3).
0
Let i be (-40)/(-4)*(0 + -1). Let c = 36 - i. What is the remainder when 34 is divided by c/4 + (-2)/(-4)?
10
Let v = -319 - -217. Let p = v - -145. Calculate the remainder when p is divided by 11.
10
Let v(h) = 4*h - 3. Suppose g + 4*z - 22 = 0, -5*z + 11 + 21 = 2*g. What is the remainder when v(g) is divided by 11?
10
Suppose -30 = -4*h + 114. Calculate the remainder when h is divided by 19.
17
Let d(s) = s**2 + s - 1. Let z(p) = -p**2 + 13*p - 17. Let h be z(12). What is the remainder when d(h) is divided by 5?
4
Let z = -58 + 61. Let x(j) = -j - 1. Let w be -2*(3/1)/1. What is the remainder when x(w) is divided by z?
2
Let q = -8 - -11. Suppose 47 - q = 4*v. Let y = 7 - 1. Calculate the remainder when v is divided by y.
5
Let i = 24 - 18. Let y = 8 - i. Calculate the remainder when y is divided by 1.
0
Suppose 4*g + 44 = 4*h, 0*h = -h - 3*g - 9. Suppose h*i = i + 90. Let p = i + 12. Calculate the remainder when p is divided by 16.
14
Suppose -6*j - 9 = -51. Suppose -3*v = 2*y - 73, 0*y - 2*y = 2. What is the remainder when v is divided by j?
4
Let i(o) = o**2 - 10*o - 9. Let v be i(9). Let m = v + 28. Calculate the remainder when m is divided by (-4)/14 + (-88)/(-14).
4
Let r be (2*-24)/(-3) + -1. Let i = r - 23. What is the remainder when 23 is divided by (i - -7)/(1/(-12))?
11
Let t(x) = x**2 - 3*x - 6. What is the remainder when 35 is divided by t(6)?
11
Let d = -15 - -27. Let b = 48 + -28. Suppose 3*r - b = 49. Calculate the remainder when r is divided by d.
11
Suppose -4*y = y - 4*r - 68, -3*y + 42 = -2*r. What is the remainder when 61 is divided by y?
13
Let b(d) = -4*d + d**2 - 4*d**2 + 4*d**2 + 3. Let h = -85 - -155. What is the remainder when h is divided by b(7)?
22
Suppose 5*a + 32 = -28. Let i(y) = -y**2 - 11*y + 15. Let k(w) = -2*w - 3. What is the remainder when k(-4) is divided by i(a)?
2
Suppose -3*q - u = -44, 80 = 3*q + 2*q + 3*u. Calculate the remainder when q is divided by 4.
1
Suppose -7 = -4*j - 39. Calculate the remainder when 38 is divided by j*10/(-8)*1.
8
Let f = 102 - 90. Suppose s + v = 49, 7*v - 3*v - 8 = 0. What is the remainder when s is divided by f?
11
Let p = -4 + 5. What is the remainder when (-3)/12*2*-26 is divided by p + 2 - (-5)/5?
1
Suppose 3*x - 31 = -4*c, -6*x = -x - 25. Suppose 2*g - c*g + 20 = 0. What is the remainder when 37 is divided by g?
7
Let q(n) = n**2 - 10*n + 12. What is the remainder when 8 is divided by q(9)?
2
Let s(d) = d**2 + 15*d + 10. Calculate the remainder when 17 is divided by s(-15).
7
Let v = -4 + 4. Suppose 4*r + v*r = 44. Calculate the remainder when 30 is divided by r.
8
Let d = -2 - -1. Let t = 50 + d. Suppose -4*p + 281 - t = 0. What is the remainder when p is divided by 15?
13
Suppose m + 0*m - z = 60, 4*m + 3*z = 212. What is the remainder when m is divided by 21?
14
Suppose -3*g + 3*t + 30 = 0, 4*g - 20 = g + t. Suppose f + 3*f = 56. Calculate the remainder when f is divided by g.
4
Let n be (1/2)/((-1)/(-10)). Suppose -n*v + 102 + 193 = 0. Let y = -38 + v. What is the remainder when y is divided by 8?
5
Suppose -10 = 2*q - 96. Calculate the remainder when q is divided by (84/(-36) - (-10)/(-6)) + 19.
13
Suppose -22 = 4*p - 134. Let s = p - -4. Calculate the remainder when s is divided by 11.
10
Suppose -2*y + 2 + 26 = 0. Calculate the remainder when 69 is divided by y.
13
Suppose 3*j - 9 = 5*o + 29, 2*o = 3*j - 53. Calculate the remainder when 0 - -61*(0 + 1) is divided by j.
19
Suppose -4*h + 78 = -4*x - 86, h - 5*x = 49. What is the remainder when h is div